culate the greatest common factor of 76 and 3268.
76
Calculate the greatest common factor of 490 and 42.
14
What is the greatest common factor of 450 and 18?
18
What is the greatest common divisor of 126 and 182?
14
Calculate the highest common divisor of 605 and 1485.
55
Calculate the highest common divisor of 13 and 5.
1
What is the highest common factor of 18 and 1422?
18
What is the highest common factor of 21 and 252?
21
Calculate the greatest common factor of 1767 and 57.
57
What is the highest common divisor of 36 and 1854?
18
Calculate the greatest common divisor of 46 and 5727.
23
What is the highest common factor of 36 and 412?
4
What is the highest common divisor of 201 and 670?
67
Calculate the greatest common factor of 8160 and 1904.
272
Calculate the highest common divisor of 30 and 40.
10
What is the greatest common divisor of 143 and 11869?
143
What is the greatest common factor of 90 and 12870?
90
What is the greatest common factor of 16473 and 57?
57
Calculate the greatest common divisor of 4624 and 208.
16
Calculate the greatest common divisor of 64 and 3872.
32
Calculate the highest common divisor of 14 and 8.
2
What is the greatest common factor of 1293 and 24?
3
Calculate the highest common factor of 147 and 5.
1
What is the greatest common factor of 23 and 92?
23
What is the highest common factor of 473 and 172?
43
What is the greatest common divisor of 15042 and 414?
138
Calculate the greatest common factor of 275 and 125.
25
What is the greatest common factor of 496 and 120?
8
Calculate the highest common factor of 9 and 909.
9
What is the highest common divisor of 44 and 36?
4
Calculate the highest common divisor of 76 and 475.
19
Calculate the greatest common divisor of 102 and 102.
102
What is the highest common divisor of 48 and 7408?
16
What is the greatest common divisor of 401 and 18?
1
What is the highest common factor of 490 and 310?
10
Calculate the highest common divisor of 813 and 6775.
271
Calculate the greatest common factor of 1408 and 44.
44
What is the highest common divisor of 1362 and 5?
1
What is the greatest common divisor of 10 and 80?
10
What is the highest common divisor of 1962 and 1?
1
What is the greatest common factor of 258 and 54?
6
Calculate the greatest common divisor of 161 and 8625.
23
What is the highest common factor of 304 and 16?
16
Calculate the greatest common factor of 99 and 1749.
33
Calculate the greatest common factor of 1800 and 225.
225
What is the greatest common factor of 1230 and 240?
30
Calculate the greatest common divisor of 42 and 798.
42
Calculate the highest common divisor of 126 and 18.
18
What is the highest common divisor of 965 and 45?
5
What is the highest common divisor of 161 and 35?
7
What is the highest common factor of 418 and 22?
22
Calculate the highest common divisor of 1 and 4.
1
Calculate the highest common divisor of 128 and 30784.
64
What is the greatest common divisor of 7160 and 16?
8
Calculate the highest common divisor of 4 and 13604.
4
Calculate the greatest common factor of 104 and 585.
13
Calculate the highest common divisor of 6278 and 172.
86
What is the greatest common factor of 18 and 2430?
18
What is the greatest common divisor of 338 and 15041?
169
What is the greatest common factor of 275 and 33?
11
What is the greatest common factor of 1240 and 160?
40
What is the greatest common factor of 9338 and 69?
23
Calculate the highest common divisor of 175 and 1015.
35
Calculate the greatest common divisor of 266 and 140.
14
Calculate the greatest common divisor of 8034 and 824.
206
What is the highest common factor of 150 and 1275?
75
Calculate the greatest common divisor of 10 and 440.
10
Calculate the greatest common divisor of 2058 and 6.
6
Calculate the highest common divisor of 836 and 228.
76
What is the highest common divisor of 36 and 6444?
36
Calculate the highest common factor of 19 and 5263.
19
What is the greatest common divisor of 2575 and 206?
103
What is the greatest common divisor of 45 and 105?
15
Calculate the highest common divisor of 410 and 50.
10
What is the greatest common divisor of 448 and 224?
224
Calculate the highest common factor of 25 and 40.
5
Calculate the highest common factor of 106 and 64607.
53
What is the greatest common divisor of 123 and 18573?
123
Calculate the highest common divisor of 192 and 704.
64
What is the greatest common divisor of 715 and 3770?
65
Calculate the highest common divisor of 30 and 310.
10
Calculate the highest common factor of 115 and 575.
115
What is the highest common factor of 420 and 7056?
84
What is the greatest common factor of 265 and 424?
53
Calculate the highest common divisor of 59 and 531.
59
Calculate the highest common divisor of 6 and 66.
6
What is the greatest common divisor of 143 and 32175?
143
Calculate the greatest common factor of 127 and 254.
127
What is the highest common divisor of 143 and 247?
13
Calculate the highest common factor of 191 and 955.
191
Calculate the highest common factor of 104 and 1144.
104
Calculate the highest common divisor of 80 and 244.
4
What is the greatest common factor of 3 and 129?
3
Calculate the greatest common divisor of 155 and 2232.
31
What is the highest common divisor of 52 and 132?
4
What is the greatest common divisor of 247 and 361?
19
Calculate the highest common divisor of 24 and 88.
8
What is the highest common divisor of 44298 and 46?
46
Calculate the greatest common divisor of 42650 and 25.
25
Calculate the greatest common factor of 63 and 182.
7
Calculate the greatest common divisor of 5124 and 84.
84
What is the highest common factor of 1222 and 2?
2
Calculate the highest common divisor of 20 and 25.
5
Calculate the highest common factor of 91 and 49.
7
Calculate the greatest common divisor of 116 and 2465.
29
What is the greatest common factor of 138 and 6?
6
Calculate the greatest common factor of 48 and 312.
24
Calculate the greatest common factor of 2489 and 19.
19
Calculate the highest common factor of 375 and 525.
75
Calculate the highest common divisor of 4620 and 66.
66
Calculate the highest common divisor of 592 and 37.
37
What is the highest common divisor of 596 and 19966?
298
Calculate the greatest common divisor of 83 and 6806.
83
What is the greatest common factor of 2211 and 33?
33
What is the greatest common factor of 95 and 1007?
19
Calculate the greatest common factor of 2365 and 55.
55
What is the highest common factor of 63 and 12?
3
What is the highest common factor of 2380 and 84?
28
What is the greatest common divisor of 7 and 17087?
7
Calculate the highest common divisor of 21 and 112.
7
Calculate the highest common factor of 7 and 79.
1
Calculate the highest common divisor of 2847 and 39.
39
Calculate the highest common divisor of 4 and 102.
2
Calculate the highest common factor of 84 and 9576.
84
What is the highest common divisor of 6 and 2271?
3
What is the greatest common divisor of 1386 and 91?
7
What is the highest common divisor of 69864 and 213?
213
What is the highest common factor of 336 and 28?
28
Calculate the greatest common factor of 72 and 1800.
72
What is the greatest common factor of 2346 and 102?
102
What is the highest common divisor of 1008 and 14?
14
What is the greatest common factor of 276 and 207?
69
Calculate the greatest common factor of 7497 and 63.
63
What is the highest common divisor of 411 and 2603?
137
What is the highest common factor of 24 and 66?
6
What is the highest common divisor of 20470 and 460?
230
What is the greatest common factor of 33 and 869?
11
What is the highest common divisor of 483 and 84?
21
Calculate the greatest common divisor of 289 and 884.
17
Calculate the highest common divisor of 38 and 2432.
38
What is the highest common divisor of 12 and 492?
12
What is the highest common factor of 10147 and 139?
139
What is the highest common divisor of 210 and 390?
30
Calculate the highest common divisor of 27 and 3726.
27
Calculate the greatest common factor of 12 and 724.
4
Calculate the highest common divisor of 16 and 6.
2
What is the highest common factor of 688 and 1296?
16
What is the greatest common divisor of 12352 and 144?
16
What is the greatest common factor of 90 and 54?
18
Calculate the highest common factor of 400 and 3750